{"id":4,"date":"2016-12-17T12:03:33","date_gmt":"2016-12-17T11:03:33","guid":{"rendered":"http:\/\/www.hsv-leutkirch.info\/\/?page_id=4"},"modified":"2026-04-05T09:51:42","modified_gmt":"2026-04-05T07:51:42","slug":"startseite","status":"publish","type":"page","link":"https:\/\/www.hsv-leutkirch.info\/","title":{"rendered":"Home"},"content":{"rendered":"\r\n<p>W\u00fcnschen Sie sich einen gut erzogenen und ausgebildeten Hund? Suchen Sie eine sinnvolle Besch\u00e4ftigung f\u00fcr sich und Ihren Hund? Oder interessieren Sie sich f\u00fcr Hundesport und unsere fortgeschrittenen Angebote? Dann sind Sie hier richtig. Auf unserer Homepage k\u00f6nnen Sie sich \u00fcber unsere Angebote informieren.<\/p>\r\n\r\n","protected":false},"excerpt":{"rendered":"<p>W\u00fcnschen Sie sich einen gut erzogenen und ausgebildeten Hund? Suchen Sie eine sinnvolle Besch\u00e4ftigung f\u00fcr sich und Ihren Hund? Oder interessieren Sie sich f\u00fcr Hundesport und unsere fortgeschrittenen Angebote? Dann sind Sie hier richtig. Auf unserer Homepage k\u00f6nnen Sie sich \u00fcber unsere Angebote informieren.<\/p>\n","protected":false},"author":1,"featured_media":0,"parent":0,"menu_order":0,"comment_status":"closed","ping_status":"closed","template":"","meta":{"_acf_changed":false,"footnotes":""},"class_list":["post-4","page","type-page","status-publish","hentry"],"acf":[],"_links":{"self":[{"href":"https:\/\/www.hsv-leutkirch.info\/index.php\/wp-json\/wp\/v2\/pages\/4","targetHints":{"allow":["GET"]}}],"collection":[{"href":"https:\/\/www.hsv-leutkirch.info\/index.php\/wp-json\/wp\/v2\/pages"}],"about":[{"href":"https:\/\/www.hsv-leutkirch.info\/index.php\/wp-json\/wp\/v2\/types\/page"}],"author":[{"embeddable":true,"href":"https:\/\/www.hsv-leutkirch.info\/index.php\/wp-json\/wp\/v2\/users\/1"}],"replies":[{"embeddable":true,"href":"https:\/\/www.hsv-leutkirch.info\/index.php\/wp-json\/wp\/v2\/comments?post=4"}],"version-history":[{"count":218,"href":"https:\/\/www.hsv-leutkirch.info\/index.php\/wp-json\/wp\/v2\/pages\/4\/revisions"}],"predecessor-version":[{"id":3186,"href":"https:\/\/www.hsv-leutkirch.info\/index.php\/wp-json\/wp\/v2\/pages\/4\/revisions\/3186"}],"wp:attachment":[{"href":"https:\/\/www.hsv-leutkirch.info\/index.php\/wp-json\/wp\/v2\/media?parent=4"}],"curies":[{"name":"wp","href":"https:\/\/api.w.org\/{rel}","templated":true}]}}