{"id":132,"date":"2016-12-22T14:52:23","date_gmt":"2016-12-22T13:52:23","guid":{"rendered":"http:\/\/www.hsv-leutkirch.info\/\/?page_id=132"},"modified":"2026-04-05T09:47:36","modified_gmt":"2026-04-05T07:47:36","slug":"vorstand","status":"publish","type":"page","link":"https:\/\/www.hsv-leutkirch.info\/index.php\/vorstand\/","title":{"rendered":"Vorstand"},"content":{"rendered":"<p>1. Vorsitzender: Volker Ulrich<br \/>\n2. Vorsitzende: J\u00fcrgen Saumweber<br \/>\nKassierin: Helga Dorn<br \/>\nAusbildungsleiter: Martina Peter<br \/>\nSchriftf\u00fchrerin: Heidi Boguth<br \/>\n1. Beisitzerin: Yvonne Reder<br \/>\n2. Beisitzerin: Sabine P\u00f6ppel<\/p>\n","protected":false},"excerpt":{"rendered":"<p>1. Vorsitzender: Volker Ulrich 2. Vorsitzende: J\u00fcrgen Saumweber Kassierin: Helga Dorn Ausbildungsleiter: Martina Peter Schriftf\u00fchrerin: Heidi Boguth 1. Beisitzerin: Yvonne Reder 2. Beisitzerin: Sabine P\u00f6ppel<\/p>\n","protected":false},"author":1,"featured_media":0,"parent":0,"menu_order":0,"comment_status":"closed","ping_status":"closed","template":"","meta":{"_acf_changed":false,"footnotes":""},"class_list":["post-132","page","type-page","status-publish","hentry"],"acf":[],"_links":{"self":[{"href":"https:\/\/www.hsv-leutkirch.info\/index.php\/wp-json\/wp\/v2\/pages\/132","targetHints":{"allow":["GET"]}}],"collection":[{"href":"https:\/\/www.hsv-leutkirch.info\/index.php\/wp-json\/wp\/v2\/pages"}],"about":[{"href":"https:\/\/www.hsv-leutkirch.info\/index.php\/wp-json\/wp\/v2\/types\/page"}],"author":[{"embeddable":true,"href":"https:\/\/www.hsv-leutkirch.info\/index.php\/wp-json\/wp\/v2\/users\/1"}],"replies":[{"embeddable":true,"href":"https:\/\/www.hsv-leutkirch.info\/index.php\/wp-json\/wp\/v2\/comments?post=132"}],"version-history":[{"count":21,"href":"https:\/\/www.hsv-leutkirch.info\/index.php\/wp-json\/wp\/v2\/pages\/132\/revisions"}],"predecessor-version":[{"id":3183,"href":"https:\/\/www.hsv-leutkirch.info\/index.php\/wp-json\/wp\/v2\/pages\/132\/revisions\/3183"}],"wp:attachment":[{"href":"https:\/\/www.hsv-leutkirch.info\/index.php\/wp-json\/wp\/v2\/media?parent=132"}],"curies":[{"name":"wp","href":"https:\/\/api.w.org\/{rel}","templated":true}]}}